units digit of (-1 + b/3)*1911/(-14)?
2
Let j(o) = 124*o + 196. What is the units digit of j(33)?
8
Suppose -2*b = -14, -116*a + 113*a + 4*b = -178385. What is the units digit of a?
1
Let c(o) = -1401*o - 58. What is the thousands digit of c(-6)?
8
Let b(n) = -3*n**3 - 49*n**2 + 5*n - 90. What is the thousands digit of b(-19)?
2
Let j(a) = 97*a**3 - 3*a + 2. Let q = -297 - -299. What is the units digit of j(q)?
2
Let s(p) = -37*p - 92. Let d be s(-9). Suppose -247*i + d*i = -2262. What is the tens digit of i?
7
Let j = -550 - -555. Let a(b) = 136*b - 65. What is the units digit of a(j)?
5
Suppose 0 = 27*r - 21*r - 2526. Let p = r - -68. What is the units digit of p?
9
Suppose -8940470 = 570*n + 141*n - 28011623. What is the tens digit of n?
2
Suppose 0 = -22*s - 113*s - 428642 + 5348042. What is the hundreds digit of s?
4
Let d(g) = -g**3 + 18*g**2 + 21*g - 33. Let q be d(19). Suppose -4*y + q*n + 866 = 4*n, -2*y = -n - 432. What is the units digit of y?
7
Let c = 9610 + 1398. What is the tens digit of c?
0
Let k = 1503 - 2533. What is the tens digit of (k/25)/(4 + (-21)/5)?
0
Suppose u + 1 = -0*u. Suppose 43*f + 4*f + 141 = 0. What is the tens digit of (u*5/f)/((-46)/(-1104))?
4
Let n = -127 - -181. What is the hundreds digit of (2384/(-10))/(n/(-135))?
5
Let w be 24/14 + 8/28. Suppose -5*y = -6*y - w. What is the units digit of -9*(-1)/3 + (-4)/y?
5
What is the units digit of 123*(-4 - (-471)/9)?
5
Suppose 64*s + 584629 - 1302815 = 751446. What is the hundreds digit of s?
9
Suppose -4718 = 5*y - 12843. Suppose -y = -7*u + 2*u. What is the units digit of u?
5
Let i = 1626 + -249. Let w = i - 823. What is the hundreds digit of w?
5
Suppose -k + 0*t = -4*t + 5, 4*k = -3*t - 1. What is the tens digit of 534/2 - (3 + k)?
6
Let r = 57459 - 31716. What is the thousands digit of r?
5
Let r = -171 + 175. Suppose -6*k + 11*k - 65 = -5*u, -r*k - 52 = -4*u. What is the tens digit of u?
1
Suppose -3*t + 3636 = 2*j, -15*t + 12*t + 7248 = 4*j. What is the thousands digit of j?
1
Let p = -12 + 16. Suppose 2*b + p*d = -3*b - 20, -2*b + d + 5 = 0. Suppose 8*u - 109 - 755 = b. What is the units digit of u?
8
Suppose 9*a - 666 = 1278. Let g = a + -32. What is the hundreds digit of g?
1
Suppose -5*p + 17 = 7. Let z(y) = -2*y - y**3 - 4*y**p - 5*y + 0*y + 12*y**2. What is the units digit of z(6)?
0
Suppose -1160448 + 2872519 = 86*k - 2638927. What is the thousands digit of k?
0
Suppose -72*n = -914767 - 286049. What is the tens digit of n?
7
Let g(x) = 2*x**3 - 6*x**2 - 14*x + 9. Let c = 122 - 116. Let y be g(c). Let h = 153 - y. What is the units digit of h?
2
Let w(v) = -6342*v - 292. What is the tens digit of w(-1)?
5
Let a = 14 - 4. Suppose 6*u - u = a*u. Suppose 4*h = -5*p + 2*h + 660, u = -3*p - 2*h + 392. What is the tens digit of p?
3
Let t be (4 + 322/21)/((-4)/(-6)). Suppose 3316 = -25*q + t*q. What is the hundreds digit of q?
8
Let s(t) = t**2 - 5*t - 19. Let a be (-8)/(-2) + 2 + 2. Let w be s(a). Suppose -x = -3*i + 55, -4*i + 3*i = w*x - 29. What is the units digit of i?
9
Let h(y) = 389*y**2 - 61*y - 126. Let a be h(-2). Let i = 145 + a. What is the tens digit of i?
9
Let d be (-30)/45 + 14/3. Let s(c) = -4*c + 48. Let j be s(12). Suppose 0*z = -z + i + 6, 3*z - d*i - 20 = j. What is the units digit of z?
4
Let m be 75/(-21) - -3 - 444/(-42). Suppose -3146 = -m*s + 6424. What is the units digit of s?
7
Suppose 5*p + 5*h = 15, 3*p = -p + h + 32. Suppose 0 = 32*c - p*c - 16550. What is the tens digit of c?
6
Let l be 4/(-10) - (1108/5 - 10). Let t = l + 221. What is the units digit of t?
9
Let o be ((-47)/(-4))/(3*1/12). Let w = -1386 - -2148. Suppose 11*v - w + o = 0. What is the units digit of v?
5
Let i = -31 - -30. Let w be (-3)/2*(-7 + 9)*i. Suppose 5*n - 4*r - 642 = -102, -3*r + 351 = w*n. What is the hundreds digit of n?
1
Let j(o) = 871*o - 1225. What is the tens digit of j(43)?
2
Let i be 15 - 17/((-102)/(-36)). Suppose -1382 = -4*u - 3*b, i = -u - 3*b + 359. What is the units digit of u?
4
Suppose 10*f - 6*f + 56 = 0. Let s be (32/112)/((-2)/f). Suppose p + 104 = s*l - 178, 0 = -4*l - 5*p + 592. What is the hundreds digit of l?
1
Let d be 0/(-7 + (5 - 0)). Suppose 2*z - 6 = d, 4*o + 4*z = 6*z + 3522. What is the hundreds digit of o?
8
Suppose -96*k = -97*k + 202. Suppose -6*n + k + 176 = 0. What is the tens digit of n?
6
Let x(m) = 42*m**2 - 9*m + 29. What is the hundreds digit of x(7)?
0
Suppose 4*c = -5*o + 42, -3*o = -2*c - c - 9. Suppose -1671 - 657 = -o*f. What is the units digit of f?
8
Suppose m - 200 = 5*l + 2230, 0 = -5*m - l + 12046. Suppose -2*x = 3*x - j - m, -3*x + 1423 = 4*j. What is the tens digit of x?
8
Suppose -8*d + 53027 + 415053 = 32*d. What is the tens digit of d?
0
Suppose -9*k + 45 = -36. What is the tens digit of 465/k*(-24)/(-20)?
6
Suppose 11*d - 44*d = -726. What is the tens digit of (-5)/(-2) + -2 + 21175/d?
6
Let t(z) = 5*z**2 - 26*z + 78. Let x(a) = a - 17. Let n be x(1). What is the tens digit of t(n)?
7
Let x be 1*8 + (-3 - 1 - -1). Suppose x*r - 36 = -21. Suppose -r*m + 124 = -74. What is the units digit of m?
6
Let s = 185 + 527. Suppose -p + 549 = -s. What is the units digit of p?
1
Suppose -5*z - 1029 = -2*z - v, -z - 343 = 2*v. Let t = 136 + z. Let g = -73 - t. What is the tens digit of g?
3
Suppose -h - 4*n - 8 = 1, -5*h + 5*n = -55. Suppose h*j = 6440 - 2051. What is the units digit of j?
7
Let m(t) be the first derivative of -129*t**2/2 - 205*t + 110. What is the units digit of m(-9)?
6
Let v(l) = -28*l**3 - 6*l**2 + 4*l + 17. Let q be v(5). Let d = -2493 - q. What is the hundreds digit of d?
1
Suppose 181*k = 540827 + 1539662 + 1191267. What is the tens digit of k?
7
Suppose 120771 = 3*c + 32727. What is the units digit of c?
8
Suppose 12*r + 47 - 35 = 0. What is the hundreds digit of r + -2 - (-242 + 9/(-9))?
2
Let q = 11444 + -11438. Suppose 2*c + 5*h - 121 = 367, -3*c + 749 = -h. Suppose 3*u - q*u + c = 0. What is the tens digit of u?
8
Let s(u) = -1215*u + 1974. What is the tens digit of s(-3)?
1
Suppose -z + 2*z - 48 = 0. Let o be (-8)/(-6) + 1472/z. Suppose 0 = -4*j + 3*j + o. What is the tens digit of j?
3
Suppose -20*g - 21*g + 28*g = -1456. Let m = 29 - -50. Let b = g + m. What is the tens digit of b?
9
Suppose 250*p = 255*p - 10, 3*h = -p + 50723. What is the units digit of h?
7
Let s = 38 + -68. What is the hundreds digit of ((-768)/s)/((-16)/(-280))?
4
Let d(z) = 9*z**2 + 147*z + 450. What is the tens digit of d(-48)?
3
Let p(c) = -c**2 + 15. Let t be p(-5). Let n be 2/5 - (-74)/t. What is the tens digit of (2 + 19)*((-11)/n + 1)?
5
Let x be 8/68 + (-98)/(-34). Suppose x*f + 371 = 2*r, -3*r + 5*f = -r - 361. What is the hundreds digit of r?
1
Let i(o) = o**3 - 10*o**2 - 9*o - 9. Let c be i(11). Let b(j) = -c + 30 - 15*j + 2*j**3 + 19*j**2 - 29 - 12. What is the tens digit of b(-10)?
2
Let g = 8787 + 31459. What is the ten thousands digit of g?
4
Let x(n) = -9*n - 10. Let k = -2 + 2. Let t be 0 + -5 + k/1. What is the tens digit of x(t)?
3
Suppose -3*o + 36 = -66. Let p = -13 + o. What is the tens digit of 43/(-3)*p/(-7)?
4
Suppose -3*w = w + 952. Suppose 0 = -4*o, 3*v + o = -4*o - 387. Let y = v - w. What is the hundreds digit of y?
1
What is the ten thousands digit of -5*2*5/((-60)/20778)?
1
Let a = -232 + 232. Suppose 9*s - 13*s + 1524 = a. What is the units digit of s?
1
What is the units digit of 54*(8/18 + 684/648)?
1
Let z be (2 - 6185/10)*2/(-3). Let t = -369 + z. What is the tens digit of t?
4
Let k = -310 - -298. What is the units digit of k/9 - 132360/(-72)?
7
Let y(d) = 223*d - 8770. What is the hundreds digit of y(85)?
1
Let j = 73 + 7. Let y = 140 - j. Let r = 119 - y. What is the units digit of r?
9
Suppose 45486 = r + n - 30228, 2*r + n - 151420 = 0. What is the ten thousands digit of r?
7
Let h = -64 + 77. Suppose z - 34 = -h. Suppose 4*w - 3*v - z = 3*w, w + 2*v - 6 = 0. What is the units digit of w?
2
Let d be 2/(-9) + 1841/63. Suppose 5*u = 5*t + 500, 25*t + 335 = 3*u + d*t. What is the hundreds digit of u?
1
Suppose 27*b = -36*b + 460074 + 835962. What is the tens digit of b?
7
Let y = -60708 - -153391. What is the thousands digit of y?
2
Let m = -408 - -552. Suppose -2*f - 3*k + m = -397, -2*f = -k - 521. What is the tens digit of f?
6
Let x(m) = 2974*m - 649. Wh